{"id":856,"date":"2010-04-12T16:06:00","date_gmt":"2010-04-12T14:06:00","guid":{"rendered":"http:\/\/deti.casd.cz\/?page_id=856"},"modified":"2010-06-15T20:17:41","modified_gmt":"2010-06-15T18:17:41","slug":"napadnik","status":"publish","type":"page","link":"https:\/\/deti.casd.cz\/?page_id=856","title":{"rendered":"N\u00e1padn\u00edk"},"content":{"rendered":"<p>Postupn\u011b zde budeme dopl\u0148ovat n\u00e1pady na o\u017eiven\u00ed \u0161kolky. Osv\u011bd\u010dilo se mi d\u00e1vat obr\u00e1zky, bludi\u0161t\u011b nebo spojova\u010dky za odm\u011bnu. Ur\u010dit\u011b je to t\u0159eba lep\u0161\u00ed ne\u017e sladkosti \ud83d\ude42<\/p>\n<p>Vyberte si bludi\u0161t\u011b nebo omalov\u00e1nku&#8230;a pokud m\u00e1te lep\u0161\u00ed, nezapome\u0148te n\u00e1m je poslat na <a href=\"mailto:sobotniskolka@seznam.cz\">sobotniskolka@seznam.cz<\/a><\/p>\n","protected":false},"excerpt":{"rendered":"<p>Postupn\u011b zde budeme dopl\u0148ovat n\u00e1pady na o\u017eiven\u00ed \u0161kolky. Osv\u011bd\u010dilo se mi d\u00e1vat obr\u00e1zky, bludi\u0161t\u011b nebo spojova\u010dky za odm\u011bnu. Ur\u010dit\u011b je to t\u0159eba lep\u0161\u00ed ne\u017e sladkosti \ud83d\ude42 Vyberte si bludi\u0161t\u011b nebo omalov\u00e1nku&#8230;a pokud m\u00e1te lep\u0161\u00ed, nezapome\u0148te n\u00e1m je poslat na sobotniskolka@seznam.cz<\/p>\n","protected":false},"author":1,"featured_media":0,"parent":0,"menu_order":12,"comment_status":"closed","ping_status":"closed","template":"","meta":{"ngg_post_thumbnail":0,"footnotes":""},"class_list":["post-856","page","type-page","status-publish","hentry","nodate","item-wrap"],"_links":{"self":[{"href":"https:\/\/deti.casd.cz\/index.php?rest_route=\/wp\/v2\/pages\/856","targetHints":{"allow":["GET"]}}],"collection":[{"href":"https:\/\/deti.casd.cz\/index.php?rest_route=\/wp\/v2\/pages"}],"about":[{"href":"https:\/\/deti.casd.cz\/index.php?rest_route=\/wp\/v2\/types\/page"}],"author":[{"embeddable":true,"href":"https:\/\/deti.casd.cz\/index.php?rest_route=\/wp\/v2\/users\/1"}],"replies":[{"embeddable":true,"href":"https:\/\/deti.casd.cz\/index.php?rest_route=%2Fwp%2Fv2%2Fcomments&post=856"}],"version-history":[{"count":5,"href":"https:\/\/deti.casd.cz\/index.php?rest_route=\/wp\/v2\/pages\/856\/revisions"}],"predecessor-version":[{"id":863,"href":"https:\/\/deti.casd.cz\/index.php?rest_route=\/wp\/v2\/pages\/856\/revisions\/863"}],"wp:attachment":[{"href":"https:\/\/deti.casd.cz\/index.php?rest_route=%2Fwp%2Fv2%2Fmedia&parent=856"}],"curies":[{"name":"wp","href":"https:\/\/api.w.org\/{rel}","templated":true}]}}