{"id":867,"date":"2010-04-12T16:12:57","date_gmt":"2010-04-12T14:12:57","guid":{"rendered":"http:\/\/deti.casd.cz\/?page_id=867"},"modified":"2015-04-10T00:42:00","modified_gmt":"2015-04-09T22:42:00","slug":"dokumenty","status":"publish","type":"page","link":"https:\/\/deti.casd.cz\/?page_id=867","title":{"rendered":"Dokumenty"},"content":{"rendered":"<p>Pro napln\u011bn\u00ed vize na\u0161\u00ed c\u00edrkve a pro pr\u00e1ci u\u010ditel\u016f a pracovn\u00edk\u016f s d\u011btmi nab\u00edz\u00edme pl\u00e1n na obdob\u00ed 2014 &#8211; 2019.<\/p>\n<p><a href=\"http:\/\/deti.casd.cz\/wp-content\/uploads\/2010\/04\/Vize-c\u00edrkve.pdf\">Vize c\u00edrkve<\/a><\/p>\n<p>Pro va\u0161i konkr\u00e9tn\u011bj\u0161\u00ed p\u0159edstavu je zde ropzracovan\u00fd podle jednotliv\u00fdch oblast\u00ed:<\/p>\n<p><a href=\"http:\/\/deti.casd.cz\/wp-content\/uploads\/2010\/04\/Vize-DSS-2014-2019.doc\">Vize DSS 2014-2019<\/a><\/p>\n<p>A abyste m\u011bli p\u0159ehled, kdy budou jednotliv\u00e9 semin\u00e1\u0159e prob\u00edhat tady m\u00e1te p\u0159ehled jednotliv\u00fdch semin\u00e1\u0159\u016f:<\/p>\n<p><a href=\"http:\/\/deti.casd.cz\/wp-content\/uploads\/2010\/04\/p\u0159ehled-semin\u00e1\u0159\u016f-DS\u0160-2014-2019.doc\">p\u0159ehled semin\u00e1\u0159\u016f DS\u0160 2014-2019<\/a><\/p>\n<p>Pokud nem\u00e1te v\u017edy mo\u017enost vydat se na semin\u00e1\u0159, m\u00e1me pro V\u00e1s nab\u00eddku IVRU &#8211; Internetov\u00e9ho vzd\u011bl\u00e1v\u00e1n\u00ed pro rodi\u010de a u\u010ditele:<\/p>\n<p><a href=\"http:\/\/deti.casd.cz\/wp-content\/uploads\/2010\/04\/IVRU-prez.pdf\">IVRU prez<\/a><\/p>\n<p>Budu se V\u00e1s t\u011b\u0161it. Monika Medkov\u00e1<\/p>\n","protected":false},"excerpt":{"rendered":"<p>Pro napln\u011bn\u00ed vize na\u0161\u00ed c\u00edrkve a pro pr\u00e1ci u\u010ditel\u016f a pracovn\u00edk\u016f s d\u011btmi nab\u00edz\u00edme pl\u00e1n na obdob\u00ed 2014 &#8211; 2019. Vize c\u00edrkve Pro va\u0161i konkr\u00e9tn\u011bj\u0161\u00ed p\u0159edstavu je zde ropzracovan\u00fd podle jednotliv\u00fdch oblast\u00ed: Vize DSS 2014-2019 A abyste m\u011bli p\u0159ehled, kdy budou jednotliv\u00e9 semin\u00e1\u0159e prob\u00edhat tady m\u00e1te p\u0159ehled jednotliv\u00fdch semin\u00e1\u0159\u016f: p\u0159ehled semin\u00e1\u0159\u016f DS\u0160 2014-2019 Pokud nem\u00e1te &hellip; <\/p>\n<p><a class=\"more-link btn\" href=\"https:\/\/deti.casd.cz\/?page_id=867\">Pokra\u010dovat ve \u010dten\u00ed<\/a><\/p>\n","protected":false},"author":1,"featured_media":0,"parent":0,"menu_order":2,"comment_status":"closed","ping_status":"closed","template":"","meta":{"ngg_post_thumbnail":0,"footnotes":""},"class_list":["post-867","page","type-page","status-publish","hentry","nodate","item-wrap"],"_links":{"self":[{"href":"https:\/\/deti.casd.cz\/index.php?rest_route=\/wp\/v2\/pages\/867","targetHints":{"allow":["GET"]}}],"collection":[{"href":"https:\/\/deti.casd.cz\/index.php?rest_route=\/wp\/v2\/pages"}],"about":[{"href":"https:\/\/deti.casd.cz\/index.php?rest_route=\/wp\/v2\/types\/page"}],"author":[{"embeddable":true,"href":"https:\/\/deti.casd.cz\/index.php?rest_route=\/wp\/v2\/users\/1"}],"replies":[{"embeddable":true,"href":"https:\/\/deti.casd.cz\/index.php?rest_route=%2Fwp%2Fv2%2Fcomments&post=867"}],"version-history":[{"count":5,"href":"https:\/\/deti.casd.cz\/index.php?rest_route=\/wp\/v2\/pages\/867\/revisions"}],"predecessor-version":[{"id":1502,"href":"https:\/\/deti.casd.cz\/index.php?rest_route=\/wp\/v2\/pages\/867\/revisions\/1502"}],"wp:attachment":[{"href":"https:\/\/deti.casd.cz\/index.php?rest_route=%2Fwp%2Fv2%2Fmedia&parent=867"}],"curies":[{"name":"wp","href":"https:\/\/api.w.org\/{rel}","templated":true}]}}

<p>Pro naplnění vize naší církve a pro práci učitelů a pracovníků s dětmi nabízíme plán na období 2014 &#8211; 2019.</p>
<p><a href="http://deti.casd.cz/wp-content/uploads/2010/04/Vize-církve.pdf">Vize církve</a></p>
<p>Pro vaši konkrétnější představu je zde ropzracovaný podle jednotlivých oblastí:</p>
<p><a href="http://deti.casd.cz/wp-content/uploads/2010/04/Vize-DSS-2014-2019.doc">Vize DSS 2014-2019</a></p>
<p>A abyste měli přehled, kdy budou jednotlivé semináře probíhat tady máte přehled jednotlivých seminářů:</p>
<p><a href="http://deti.casd.cz/wp-content/uploads/2010/04/přehled-seminářů-DSŠ-2014-2019.doc">přehled seminářů DSŠ 2014-2019</a></p>
<p>Pokud nemáte vždy možnost vydat se na seminář, máme pro Vás nabídku IVRU &#8211; Internetového vzdělávání pro rodiče a učitele:</p>
<p><a href="http://deti.casd.cz/wp-content/uploads/2010/04/IVRU-prez.pdf">IVRU prez</a></p>
<p>Budu se Vás těšit. Monika Medková</p>

<p>Pro naplnění vize naší církve a pro práci učitelů a pracovníků s dětmi nabízíme plán na období 2014 &#8211; 2019. Vize církve Pro vaši konkrétnější představu je zde ropzracovaný podle jednotlivých oblastí: Vize DSS 2014-2019 A abyste měli přehled, kdy budou jednotlivé semináře probíhat tady máte přehled jednotlivých seminářů: přehled seminářů DSŠ 2014-2019 Pokud nemáte &hellip; </p>
<p><a class="more-link btn" href="https://deti.casd.cz/?page_id=867">Pokračovat ve čtení</a></p>
