{"id":914,"date":"2010-05-04T21:56:48","date_gmt":"2010-05-04T19:56:48","guid":{"rendered":"http:\/\/deti.casd.cz\/?page_id=914"},"modified":"2010-05-05T09:31:36","modified_gmt":"2010-05-05T07:31:36","slug":"kazani-pro-deti-3","status":"publish","type":"page","link":"https:\/\/deti.casd.cz\/?page_id=914","title":{"rendered":"K\u00e1z\u00e1n\u00ed pro d\u011bti"},"content":{"rendered":"<p><span style=\"background-color: #888888;\"><span style=\"color: #888888;\"><span style=\"font-size: large;\"><strong><a href=\"http:\/\/deti.casd.cz\/wp-content\/uploads\/2010\/05\/Pr\u0161\u00ed-pr\u0161\u00ed-jen-se-leje.doc\"><span style=\"color: #3366ff;\"><span style=\"background-color: #c0c0c0;\">Pr\u0161\u00ed pr\u0161\u00ed jen se leje &#8211; ke sta\u017een\u00ed Word<\/span><\/span><br \/>\n<\/a><\/strong><\/span><\/span><\/span><\/p>\n<p><strong>Pr\u0161\u00ed, pr\u0161\u00ed, jen se leje<\/strong><\/p>\n<p><strong>Marek 7, 32 \u2013 35<\/strong><\/p>\n<p><strong>C\u00edl: <\/strong>B\u016fh n\u00e1m pom\u00e1h\u00e1 p\u0159ekon\u00e1vat ty nejv\u011bt\u0161\u00ed probl\u00e9my v\u00a0\u017eivot\u011b<\/p>\n<p><strong>P\u0159\u00edprava: <\/strong>Nacvi\u010d si p\u0159ed zrcadlem v\u00fdraznou v\u00fdslovnost v\u011bty \u201ePr\u0161\u00ed, pr\u0161\u00ed, jen se leje\u201c.<\/p>\n<p><strong>P\u0159edveden\u00ed p\u0159\u00edb\u011bhu: <\/strong>Dobr\u00fd den! <em>(odpov\u011b\u010f)<\/em><\/p>\n<p>Pot\u0159ebuju, abyste si v\u0161ichni sedli ke mn\u011b tak abyste na m\u011b dob\u0159e vid\u011bli. <strong>P\u0159esv\u011bd\u010d se, \u017ee ti v\u0161ichni budou dob\u0159e vid\u011bt na rty. <\/strong><\/p>\n<p>Te\u010f n\u011bco \u0159eknu a chci, abyste mi \u0159ekli, co jsem \u0159ekl. Nebude to pro v\u00e1s t\u011b\u017ek\u00e9? <em>(odpov\u011b\u010f) <\/em><strong>Ne\u0159\u00edkej jim, \u017ee se ti maj\u00ed d\u00edvat na rty. <\/strong><\/p>\n<p>Tak dobr\u00e1, jdeme na to. <strong>Vyslov nesly\u0161n\u011b \u201ePr\u0161\u00ed, pr\u0161\u00ed, jen se leje\u201c. <\/strong>Tak \u2013 co jsem \u0159\u00edkal? <em>(odpov\u011b\u010f)<\/em><\/p>\n<p>Zopakuju v\u00e1m to je\u0161t\u011b jednou. <strong>Znovu nesly\u0161n\u011b \u0159ekni \u201ePr\u0161\u00ed, pr\u0161\u00ed, jen se leje\u201c.<\/strong> <strong>Ptej se d\u011bt\u00ed jednoho po druh\u00e9m.<\/strong> Tak\u017ee \u2013 co to bylo? <em>(odpov\u011b\u010f)<\/em> \u0158eknu ti to je\u0161t\u011b jednou. <strong>Opakuj \u0159\u00edkanku p\u0159ed n\u011bkolika d\u011btmi zvl\u00e1\u0161\u0165 a cht\u011bj po nich, aby \u0159ekly nahlas, co \u0159\u00edk\u00e1\u0161. Pravd\u011bpodobn\u011b \u0159eknou n\u011bkolik zkomolenin. <\/strong><\/p>\n<p>Tak vid\u00edm, \u017ee v\u00e1m budu muset pomoci. Tak\u017ee m\u00e1m je\u0161t\u011b jednu n\u00e1pov\u011bdu. <strong>Nazna\u010d rukama pohyb, jako kdy\u017e pr\u0161\u00ed. <\/strong>Tak\u017ee u\u017e v\u00edte, co jsem \u0159\u00edkal? <em>(ne)<\/em>Zopakuju v\u00e1m je\u0161t\u011b jednou, co jsem \u0159\u00edkal. Jakmile budete v\u011bd\u011bt, co \u0159\u00edk\u00e1m, zak\u0159i\u010dte to na m\u011b. (<em>Pr\u0161\u00ed, pr\u0161\u00ed, jen se leje!!!!)<\/em><\/p>\n<p><strong>Aplikace: <\/strong>Jednoho dne p\u0159ivedli k\u00a0Je\u017e\u00ed\u0161i hluch\u00e9ho mu\u017ee. Nesly\u0161el, a proto\u017ee nesly\u0161el, tak taky \u0161patn\u011b mluvil. Stejn\u011b jako p\u0159ed chv\u00edl\u00ed vy. Nesly\u0161eli jste, jak \u0159\u00edk\u00e1m \u201ePr\u0161\u00ed, pr\u0161\u00ed, jen se leje\u201c a proto pro v\u00e1s bylo t\u011b\u017ek\u00e9 to zopakovat. V\u00ed n\u011bkdo z\u00a0v\u00e1s, co Je\u017e\u00ed\u0161 pro toho mu\u017ee ud\u011blal? <em>(odpov\u011b\u010f)<\/em> Dotkl se jeho u\u0161\u00ed a uzdravil ho. Ten mu\u017e m\u011bl v\u00a0\u017eivot\u011b opravdu velk\u00fd probl\u00e9m, ale B\u016fh mu jej pomohl p\u0159ekonat.<\/p>\n<p>Tak, a te\u010f u\u017e v\u00edte, co se s\u00a0t\u00edm mu\u017eem stalo. To nebyl vesel\u00fd \u017eivot \u2013 nesly\u0161et a nemoct ani dob\u0159e mluvit. Ale kdy\u017e se jej dotkl Je\u017e\u00ed\u0161, tak se pro n\u011bj v\u0161echno zm\u011bnilo. Najednou sly\u0161el a mluvil. B\u016fh mu pomohl, aby bylo v\u0161echno kr\u00e1sn\u011bj\u0161\u00ed a veselej\u0161\u00ed. B\u016fh n\u00e1m pom\u00e1h\u00e1 p\u0159ekon\u00e1vat na\u0161e probl\u00e9my.<\/p>\n<p><strong>Modlitba: <\/strong>Bo\u017ee, pros\u00edm, aby tyto d\u011bti byly v\u00a0\u017eivot\u011b \u0161\u0165astn\u00e9 a v\u011bd\u011bly, \u017ee i ty nejv\u011bt\u0161\u00ed probl\u00e9my v\u00a0jejich \u017eivot\u011b se daj\u00ed vy\u0159e\u0161it. Amen.<\/p>\n","protected":false},"excerpt":{"rendered":"<p>Pr\u0161\u00ed pr\u0161\u00ed jen se leje &#8211; ke sta\u017een\u00ed Word Pr\u0161\u00ed, pr\u0161\u00ed, jen se leje Marek 7, 32 \u2013 35 C\u00edl: B\u016fh n\u00e1m pom\u00e1h\u00e1 p\u0159ekon\u00e1vat ty nejv\u011bt\u0161\u00ed probl\u00e9my v\u00a0\u017eivot\u011b P\u0159\u00edprava: Nacvi\u010d si p\u0159ed zrcadlem v\u00fdraznou v\u00fdslovnost v\u011bty \u201ePr\u0161\u00ed, pr\u0161\u00ed, jen se leje\u201c. P\u0159edveden\u00ed p\u0159\u00edb\u011bhu: Dobr\u00fd den! (odpov\u011b\u010f) Pot\u0159ebuju, abyste si v\u0161ichni sedli ke mn\u011b tak abyste &hellip; <\/p>\n<p><a class=\"more-link btn\" href=\"https:\/\/deti.casd.cz\/?page_id=914\">Pokra\u010dovat ve \u010dten\u00ed<\/a><\/p>\n","protected":false},"author":1,"featured_media":0,"parent":0,"menu_order":0,"comment_status":"closed","ping_status":"closed","template":"","meta":{"ngg_post_thumbnail":0,"footnotes":""},"class_list":["post-914","page","type-page","status-publish","hentry","nodate","item-wrap"],"_links":{"self":[{"href":"https:\/\/deti.casd.cz\/index.php?rest_route=\/wp\/v2\/pages\/914","targetHints":{"allow":["GET"]}}],"collection":[{"href":"https:\/\/deti.casd.cz\/index.php?rest_route=\/wp\/v2\/pages"}],"about":[{"href":"https:\/\/deti.casd.cz\/index.php?rest_route=\/wp\/v2\/types\/page"}],"author":[{"embeddable":true,"href":"https:\/\/deti.casd.cz\/index.php?rest_route=\/wp\/v2\/users\/1"}],"replies":[{"embeddable":true,"href":"https:\/\/deti.casd.cz\/index.php?rest_route=%2Fwp%2Fv2%2Fcomments&post=914"}],"version-history":[{"count":5,"href":"https:\/\/deti.casd.cz\/index.php?rest_route=\/wp\/v2\/pages\/914\/revisions"}],"predecessor-version":[{"id":929,"href":"https:\/\/deti.casd.cz\/index.php?rest_route=\/wp\/v2\/pages\/914\/revisions\/929"}],"wp:attachment":[{"href":"https:\/\/deti.casd.cz\/index.php?rest_route=%2Fwp%2Fv2%2Fmedia&parent=914"}],"curies":[{"name":"wp","href":"https:\/\/api.w.org\/{rel}","templated":true}]}}

Kázání pro děti

<p><span style="background-color: #888888;"><span style="color: #888888;"><span style="font-size: large;"><strong><a href="http://deti.casd.cz/wp-content/uploads/2010/05/Prší-prší-jen-se-leje.doc"><span style="color: #3366ff;"><span style="background-color: #c0c0c0;">Prší prší jen se leje &#8211; ke stažení Word</span></span><br />
</a></strong></span></span></span></p>
<p><strong>Prší, prší, jen se leje</strong></p>
<p><strong>Marek 7, 32 – 35</strong></p>
<p><strong>Cíl: </strong>Bůh nám pomáhá překonávat ty největší problémy v životě</p>
<p><strong>Příprava: </strong>Nacvič si před zrcadlem výraznou výslovnost věty „Prší, prší, jen se leje“.</p>
<p><strong>Předvedení příběhu: </strong>Dobrý den! <em>(odpověď)</em></p>
<p>Potřebuju, abyste si všichni sedli ke mně tak abyste na mě dobře viděli. <strong>Přesvědč se, že ti všichni budou dobře vidět na rty. </strong></p>
<p>Teď něco řeknu a chci, abyste mi řekli, co jsem řekl. Nebude to pro vás těžké? <em>(odpověď) </em><strong>Neříkej jim, že se ti mají dívat na rty. </strong></p>
<p>Tak dobrá, jdeme na to. <strong>Vyslov neslyšně „Prší, prší, jen se leje“. </strong>Tak – co jsem říkal? <em>(odpověď)</em></p>
<p>Zopakuju vám to ještě jednou. <strong>Znovu neslyšně řekni „Prší, prší, jen se leje“.</strong> <strong>Ptej se dětí jednoho po druhém.</strong> Takže – co to bylo? <em>(odpověď)</em> Řeknu ti to ještě jednou. <strong>Opakuj říkanku před několika dětmi zvlášť a chtěj po nich, aby řekly nahlas, co říkáš. Pravděpodobně řeknou několik zkomolenin. </strong></p>
<p>Tak vidím, že vám budu muset pomoci. Takže mám ještě jednu nápovědu. <strong>Naznač rukama pohyb, jako když prší. </strong>Takže už víte, co jsem říkal? <em>(ne)</em>Zopakuju vám ještě jednou, co jsem říkal. Jakmile budete vědět, co říkám, zakřičte to na mě. (<em>Prší, prší, jen se leje!!!!)</em></p>
<p><strong>Aplikace: </strong>Jednoho dne přivedli k Ježíši hluchého muže. Neslyšel, a protože neslyšel, tak taky špatně mluvil. Stejně jako před chvílí vy. Neslyšeli jste, jak říkám „Prší, prší, jen se leje“ a proto pro vás bylo těžké to zopakovat. Ví někdo z vás, co Ježíš pro toho muže udělal? <em>(odpověď)</em> Dotkl se jeho uší a uzdravil ho. Ten muž měl v životě opravdu velký problém, ale Bůh mu jej pomohl překonat.</p>
<p>Tak, a teď už víte, co se s tím mužem stalo. To nebyl veselý život – neslyšet a nemoct ani dobře mluvit. Ale když se jej dotkl Ježíš, tak se pro něj všechno změnilo. Najednou slyšel a mluvil. Bůh mu pomohl, aby bylo všechno krásnější a veselejší. Bůh nám pomáhá překonávat naše problémy.</p>
<p><strong>Modlitba: </strong>Bože, prosím, aby tyto děti byly v životě šťastné a věděly, že i ty největší problémy v jejich životě se dají vyřešit. Amen.</p>

<p>Prší prší jen se leje &#8211; ke stažení Word Prší, prší, jen se leje Marek 7, 32 – 35 Cíl: Bůh nám pomáhá překonávat ty největší problémy v životě Příprava: Nacvič si před zrcadlem výraznou výslovnost věty „Prší, prší, jen se leje“. Předvedení příběhu: Dobrý den! (odpověď) Potřebuju, abyste si všichni sedli ke mně tak abyste &hellip; </p>
<p><a class="more-link btn" href="https://deti.casd.cz/?page_id=914">Pokračovat ve čtení</a></p>
